{"id":67,"date":"2012-03-16T16:57:15","date_gmt":"2012-03-16T15:57:15","guid":{"rendered":"http:\/\/www.gjutarenafve.com\/?page_id=67"},"modified":"2021-02-13T12:38:16","modified_gmt":"2021-02-13T11:38:16","slug":"lankar-till-mina-filmuppdrag-etc","status":"publish","type":"page","link":"http:\/\/www.gjutarenafve.com\/?page_id=67","title":{"rendered":"OM MIG"},"content":{"rendered":"<p style=\"text-align: center;\"><img decoding=\"async\" class=\"size-thumbnail wp-image-1471\" src=\"http:\/\/www.gjutarenafve.com\/wp-content\/uploads\/2015\/01\/10081-3-170x170.jpg\" alt=\"\" width=\"170\" height=\"170\" srcset=\"http:\/\/www.gjutarenafve.com\/wp-content\/uploads\/2015\/01\/10081-3-170x170.jpg 170w, http:\/\/www.gjutarenafve.com\/wp-content\/uploads\/2015\/01\/10081-3-300x300.jpg 300w, http:\/\/www.gjutarenafve.com\/wp-content\/uploads\/2015\/01\/10081-3-1024x1024.jpg 1024w, http:\/\/www.gjutarenafve.com\/wp-content\/uploads\/2015\/01\/10081-3-350x350.jpg 350w, http:\/\/www.gjutarenafve.com\/wp-content\/uploads\/2015\/01\/10081-3.jpg 2048w\" sizes=\"(max-width: 170px) 100vw, 170px\" \/><\/p>\n<p style=\"text-align: center;\">&#8217;Sk\u00e5nsk Civil- och Nationalekonom som v\u00e4xlat inriktning mot Sk\u00e5despeleri, Management och Mediatr\u00e4ning<\/p>\n<p style=\"text-align: center;\">Jag flyttade fr\u00e5n Malm\u00f6 till Stockholm 2003.<\/p>\n<p style=\"text-align: center;\">H\u00f6sten 2020 agerar jag som Kung Sven Tvesk\u00e4gg i R\u00f6de Orm p\u00e5 Dramatens stora scen (pga viruskrisen hann vi bara med lite mer \u00e4n genrep och premi\u00e4r). Tidigare har jag varit p\u00e5 samma scen i Maria Stuart 2015-16 och i Tartuffe 2017-18.<\/p>\n<p style=\"text-align: center;\">Under tre perioder (s\u00e4song 2, 3 och 5) agerade jag som karakt\u00e4ren&#8221;Damp-Janne&#8221; i SVT\u00b4s Leif &amp; Billy.<\/p>\n<p style=\"text-align: center;\">Jag har producerat en hel del filmer om mordet p\u00e5 Olof Palme samt idrottsfilmer om Maratonmarschen \/ Fotrally.<\/p>\n<p style=\"text-align: center;\"><strong>FILM CV (klicka p\u00e5 l\u00e4nkarna nedan)<\/strong><\/p>\n<p style=\"text-align: center;\"><a href=\"http:\/\/www.imdb.com\/name\/nm5453172\/\">Imdb<\/a><\/p>\n<p style=\"text-align: center;\"><a href=\"http:\/\/www.sfi.se\/sv\/svensk-filmdatabas\/Item\/?type=PERSON&amp;itemid=454807&amp;ref=%2ftemplates%2fSwedishFilmSearchResult.aspx%3fid%3d1225%26epslanguage%3dsv%26searchword%3dGjutaren%C3%A4fve%26type%3dPerson%26match%3dBegin%26page%3d1%26prom%3dFalse\">Svensk Filmdatabas<\/a><\/p>\n<p style=\"text-align: center;\"><a href=\"http:\/\/www.filmcafe.se\/cv\/cv_artist.asp?more_info=34742\">Filmcaf\u00e9<\/a><\/p>\n<p style=\"text-align: center;\"><a href=\"http:\/\/sv.stagepool.com\/cv\/gjutarenafve\/37834\">Stagepool<\/a><\/p>\n<p style=\"text-align: center;\"><a href=\"https:\/\/vimeo.com\/argamannen\/videos\">Vimeo Arga Mannen<\/a><\/p>\n<p><a href=\"https:\/\/vimeo.com\/217900048\">https:\/\/vimeo.com\/217900048<\/a><\/p>\n","protected":false},"excerpt":{"rendered":"<div class=\"mh-excerpt\"><p>&#8217;Sk\u00e5nsk Civil- och Nationalekonom som v\u00e4xlat inriktning mot Sk\u00e5despeleri, Management och Mediatr\u00e4ning Jag flyttade fr\u00e5n Malm\u00f6 till Stockholm 2003. H\u00f6sten 2020 agerar jag som Kung <a class=\"mh-excerpt-more\" href=\"http:\/\/www.gjutarenafve.com\/?page_id=67\" title=\"OM MIG\">[&#8230;]<\/a><\/p>\n<\/div>","protected":false},"author":2,"featured_media":0,"parent":0,"menu_order":0,"comment_status":"open","ping_status":"open","template":"","meta":{"footnotes":""},"class_list":["post-67","page","type-page","status-publish","hentry"],"_links":{"self":[{"href":"http:\/\/www.gjutarenafve.com\/index.php?rest_route=\/wp\/v2\/pages\/67","targetHints":{"allow":["GET"]}}],"collection":[{"href":"http:\/\/www.gjutarenafve.com\/index.php?rest_route=\/wp\/v2\/pages"}],"about":[{"href":"http:\/\/www.gjutarenafve.com\/index.php?rest_route=\/wp\/v2\/types\/page"}],"author":[{"embeddable":true,"href":"http:\/\/www.gjutarenafve.com\/index.php?rest_route=\/wp\/v2\/users\/2"}],"replies":[{"embeddable":true,"href":"http:\/\/www.gjutarenafve.com\/index.php?rest_route=%2Fwp%2Fv2%2Fcomments&post=67"}],"version-history":[{"count":167,"href":"http:\/\/www.gjutarenafve.com\/index.php?rest_route=\/wp\/v2\/pages\/67\/revisions"}],"predecessor-version":[{"id":2556,"href":"http:\/\/www.gjutarenafve.com\/index.php?rest_route=\/wp\/v2\/pages\/67\/revisions\/2556"}],"wp:attachment":[{"href":"http:\/\/www.gjutarenafve.com\/index.php?rest_route=%2Fwp%2Fv2%2Fmedia&parent=67"}],"curies":[{"name":"wp","href":"https:\/\/api.w.org\/{rel}","templated":true}]}}

<p style="text-align: center;"><img decoding="async" class="size-thumbnail wp-image-1471" src="http://www.gjutarenafve.com/wp-content/uploads/2015/01/10081-3-170x170.jpg" alt="" width="170" height="170" srcset="http://www.gjutarenafve.com/wp-content/uploads/2015/01/10081-3-170x170.jpg 170w, http://www.gjutarenafve.com/wp-content/uploads/2015/01/10081-3-300x300.jpg 300w, http://www.gjutarenafve.com/wp-content/uploads/2015/01/10081-3-1024x1024.jpg 1024w, http://www.gjutarenafve.com/wp-content/uploads/2015/01/10081-3-350x350.jpg 350w, http://www.gjutarenafve.com/wp-content/uploads/2015/01/10081-3.jpg 2048w" sizes="(max-width: 170px) 100vw, 170px" /></p>
<p style="text-align: center;">&#8217;Skånsk Civil- och Nationalekonom som växlat inriktning mot Skådespeleri, Management och Mediaträning</p>
<p style="text-align: center;">Jag flyttade från Malmö till Stockholm 2003.</p>
<p style="text-align: center;">Hösten 2020 agerar jag som Kung Sven Tveskägg i Röde Orm på Dramatens stora scen (pga viruskrisen hann vi bara med lite mer än genrep och premiär). Tidigare har jag varit på samma scen i Maria Stuart 2015-16 och i Tartuffe 2017-18.</p>
<p style="text-align: center;">Under tre perioder (säsong 2, 3 och 5) agerade jag som karaktären&#8221;Damp-Janne&#8221; i SVT´s Leif &amp; Billy.</p>
<p style="text-align: center;">Jag har producerat en hel del filmer om mordet på Olof Palme samt idrottsfilmer om Maratonmarschen / Fotrally.</p>
<p style="text-align: center;"><strong>FILM CV (klicka på länkarna nedan)</strong></p>
<p style="text-align: center;"><a href="http://www.imdb.com/name/nm5453172/">Imdb</a></p>
<p style="text-align: center;"><a href="http://www.sfi.se/sv/svensk-filmdatabas/Item/?type=PERSON&amp;itemid=454807&amp;ref=%2ftemplates%2fSwedishFilmSearchResult.aspx%3fid%3d1225%26epslanguage%3dsv%26searchword%3dGjutaren%C3%A4fve%26type%3dPerson%26match%3dBegin%26page%3d1%26prom%3dFalse">Svensk Filmdatabas</a></p>
<p style="text-align: center;"><a href="http://www.filmcafe.se/cv/cv_artist.asp?more_info=34742">Filmcafé</a></p>
<p style="text-align: center;"><a href="http://sv.stagepool.com/cv/gjutarenafve/37834">Stagepool</a></p>
<p style="text-align: center;"><a href="https://vimeo.com/argamannen/videos">Vimeo Arga Mannen</a></p>
<p><a href="https://vimeo.com/217900048">https://vimeo.com/217900048</a></p>

<div class="mh-excerpt"><p>&#8217;Skånsk Civil- och Nationalekonom som växlat inriktning mot Skådespeleri, Management och Mediaträning Jag flyttade från Malmö till Stockholm 2003. Hösten 2020 agerar jag som Kung <a class="mh-excerpt-more" href="http://www.gjutarenafve.com/?page_id=67" title="OM MIG">[&#8230;]</a></p>
</div>
